greatest common divisor of l and 1463?
11
Let b(y) be the third derivative of -y**6/120 - 11*y**4/24 - 14*y**3/3 + 8*y**2 + 4. Let l be b(-3). What is the greatest common divisor of l and 48?
16
Let j be ((-15)/2)/((-2)/4). Suppose -j - 5 = 5*q, -4*m = -3*q - 60. Calculate the highest common divisor of m and 60.
12
Let h(d) = d**3 + 12*d**2 - 2*d - 10. Let u be h(-12). Suppose 64*t = u*t + 4250. What is the highest common factor of t and 10?
5
Suppose -211*f - 4732830 = -265*f. Calculate the greatest common divisor of 15 and f.
15
Let h be 213*(27/18 - 11/6). Let d = 74 + h. Suppose -30 = -6*q + d*q. Calculate the greatest common factor of 130 and q.
10
Let f(w) = 3*w**2 + 6 - 8*w + 7*w - 36*w - 31. Let v be f(13). Calculate the highest common factor of v and 8.
1
Suppose 2*r + 5*k = 108, r + 114*k = 115*k + 68. What is the highest common factor of 2464 and r?
32
Let r(x) = x**3 + 48*x**2 + 398*x - 27. Let d be r(-37). What is the greatest common factor of d and 54?
18
Let m be 0 + 92/(0 + 4). Let o = m - -10. Suppose 31*x - o*x = -12. What is the highest common divisor of 66 and x?
6
Let s(z) = z**2 + 41*z - 162. Let c be s(5). Calculate the highest common divisor of 1649 and c.
17
Let z be (-2)/1 + (51 - 14). Suppose 0*o - 5*f = -2*o + 35, o + f - z = 0. Let c = o - -60. Calculate the greatest common factor of c and 18.
18
Let i(z) = z**3 - 2*z**2 + 8*z - 54. Let r be i(4). Suppose -476*t + 475*t = -r. Calculate the greatest common factor of t and 270.
10
Suppose 0 = 49*d - 42*d - 9793. Suppose -5*a + 9*a + g = d, a - 349 = -g. What is the greatest common factor of a and 50?
50
Let h = -7438 - -8142. Let v be ((-3)/2)/((-33)/1408). Calculate the greatest common factor of h and v.
64
Suppose 3*o - 2*a = 78649, 3*o - 78651 = 22*a - 19*a. Calculate the greatest common divisor of 245 and o.
245
Let d(m) = 24*m**2 + 233*m - 1. Let s be d(-11). What is the greatest common divisor of s and 272?
68
Let d be ((-6)/5)/(14/1645). Let m = -142 - d. Let a be (m*13 - 1)/((-8)/56). What is the highest common factor of a and 245?
49
Suppose 8*q = 3*q + 120. Let y = 56 - q. Suppose 5 + 11 = 2*d. What is the greatest common factor of y and d?
8
Let c be ((-42)/(-15) - 1)/(4/260). Calculate the greatest common divisor of 927 and c.
9
Let m = 3903 + 5961. Calculate the highest common divisor of m and 8.
8
Let p be (-294528)/(-6240) + -1*2/10. What is the greatest common divisor of p and 5029?
47
Let p = -185 + 217. Let w be p/(-40) + 387/15. What is the highest common factor of w and 275?
25
Let o(l) = 4*l**2 - 44*l + 16. Let w be o(11). Let m be (-2)/2 + (20 - w). What is the greatest common factor of 21 and m?
3
Let m(p) = -24*p - 2. Let n be m(-6). Suppose 89 + n = 7*s. Let j = 10 + 1. What is the greatest common divisor of s and j?
11
Let c = 5 + 5. Let s be (108/(-10))/((-3)/c). Suppose -2*p - 337 = -3*q - 65, -p - 271 = -3*q. Calculate the greatest common factor of q and s.
18
Let p(x) = -x**3 + 16*x**2 + 86*x - 31. Let y be p(19). Calculate the highest common divisor of 40 and y.
40
Suppose -2*n = -2*p - 824, 5*p - 2*n - 112 = -2175. Let f = -341 - p. Calculate the greatest common divisor of f and 90.
18
Let z = -259 - -420. Let v = -63 + z. What is the highest common divisor of v and 56?
14
Let b be ((-3)/1)/(12/40) + 4046. What is the greatest common divisor of b and 4?
4
Let y(t) = t**3 + 61*t**2 + 413*t - 456. Let n be y(-53). What is the greatest common factor of 10033 and n?
127
Let h be 6/((-1)/6 - (-654)/3600). Let o(a) = -a**3 + 11*a**2 - 13*a + 5. Let n be o(9). Calculate the greatest common divisor of h and n.
50
Suppose 5*i = 3*o - 0*i - 186, 3*i + 9 = 0. Suppose 4*z - 83 - o = 0. Calculate the greatest common divisor of 14 and z.
7
Suppose -144 = 3*t + 21*t. Let v be 27/t*(-96)/9. Calculate the greatest common divisor of v and 6.
6
Let z = 56 + -48. Suppose -2*f - z = -u + 10, -4*f - 60 = -4*u. Calculate the greatest common divisor of 48 and u.
12
Let s(b) = 11 + 42*b + 1 - 44*b. Let j be s(5). Suppose 5*w - 7*w + 495 = 5*p, -2*p = j*w - 198. What is the highest common factor of 9 and p?
9
Suppose 4*n + 10 = 9*n. Suppose 0 = -5*x + 5*r + 80, n = x - 3*r - 12. What is the greatest common divisor of x and 17?
17
Suppose 5*z - 89 - 6 = 0. Suppose 5*q - 2*b = 8*q - 29, -4*b - z = -5*q. Let t = 33 - 12. Calculate the greatest common divisor of q and t.
7
Suppose p = 26 - 4. Suppose 0 = 2*y + p + 24. Let d = 148 + y. What is the highest common divisor of d and 25?
25
Suppose -2*f - 2*f = -60. Let l be 4 - (1 + 2) - (1 - 4). Let i be l + 3 + (-3 - 1). What is the greatest common divisor of i and f?
3
Suppose -3*s = j + 24, 3*j + 8*s - 4*s = -52. Let z be 4624/j*12/(-16). Calculate the greatest common divisor of 85 and z.
17
Let j(f) = -3*f + 50. Let i(d) = -d**2 + 3*d + 8. Let l be i(0). Let v be j(l). Suppose -18*g - 128 = -v*g. What is the greatest common factor of 4 and g?
4
Let v be 1/3*(1 - -2 - -18). Suppose 13 + 680 = v*g. What is the greatest common divisor of g and 36?
9
Suppose -6440 = -u - f, 3*f + 19314 = 582*u - 579*u. Calculate the highest common divisor of 137 and u.
137
Suppose -5*o - 4*t + 380 = 0, 25*t = 2*o + 21*t - 152. Calculate the greatest common factor of 3078 and o.
38
Let u(p) = 24*p + 19. Let j be u(6). Let m = -95 + j. Calculate the greatest common factor of 4 and m.
4
Suppose -4 = 5*q + 4*s, 4 = 3*q - 5*s - 1. Suppose q = -5*n - 527 + 47. Let a = n - -111. What is the greatest common divisor of a and 195?
15
Suppose -485 = -5*a - 0*a. Suppose 16*m - a = -33. What is the highest common factor of 10 and m?
2
Let t(b) = 4*b + 152. Let u = -1126 - -1097. Let p be t(u). Suppose 540 = -0*i + 3*i. What is the highest common divisor of i and p?
36
Let g = 2619 + -2594. Calculate the greatest common factor of g and 655.
5
Suppose -v - 6 = -y, 4*y - 5*y = v. Suppose 21312 = y*x + 45*x. Calculate the highest common divisor of x and 12.
12
Let k be -1 + -2 - (-15 - -7). Suppose -k*v = -0*v - 720. Let j(w) = w**2 + 2*w - 6. Let q be j(-5). What is the highest common divisor of v and q?
9
Suppose 18*t - 58056 = -18*t + 34572. Calculate the greatest common divisor of 31 and t.
31
Let h be (3 - -7)*126/35. Suppose -3*y + 4 = 22. Let r = y - -10. What is the greatest common divisor of r and h?
4
Suppose -4*b - 136 = -2*g, 31*g - 250 = 27*g - 3*b. Calculate the highest common divisor of 20 and g.
4
Let a = -16827 - -35732. What is the greatest common factor of 95 and a?
95
Let q(c) = 260*c - 21. Let f be q(4). Suppose -4*n = 8*i - 6*i - 816, -5*n = 3*i - f. Calculate the highest common factor of 41 and n.
41
Let p be ((-3)/(-6))/((-12)/96). Let i be (-13)/(((-1)/p)/((-45)/36)). What is the greatest common factor of 130 and i?
65
Let d be -6 + (6*-93)/2. Let n = -275 - d. Calculate the greatest common divisor of n and 270.
10
Let j(q) = -9*q + 66. Let n be j(-5). What is the greatest common factor of 1776 and n?
111
Let v = -23 + 16. Let r(y) = 2*y**2 + 9*y + 1. Let o be r(v). Let w be -6 + (231/15 - (-2)/(-5)). Calculate the highest common divisor of w and o.
9
Let q(i) = -i**2 - 32*i - 60. Let u(n) = n**3 + 44*n**2 - 91*n + 36. Let b be u(-46). Let w be q(b). What is the highest common divisor of 5 and w?
5
Suppose -87 = -5*k + 5*m + 293, k = 3*m + 84. Calculate the greatest common factor of 1152 and k.
72
Let y(u) = -3*u + 39. Let c be y(17). Let h = 10 + c. Let l be (7/28)/(h/(-296)) + 3. What is the greatest common divisor of l and 280?
40
Let d = -3444 + 3472. Let x = 1362 - 830. Calculate the highest common factor of x and d.
28
Let d = -433 + 440. Let y be -10*(-114)/15 - d. Let q = 0 + 23. What is the greatest common divisor of y and q?
23
Suppose 1469*x + 29670 = 1684*x. Suppose -4*n - 60 = -5*n + 3*t, 0 = 2*n + t - 141. Calculate the highest common factor of n and x.
69
Let d be -87 + 2/(18/(-63)). Let x = d + 153. Calculate the highest common divisor of 1888 and x.
59
Let d(g) = -2*g + 2. Let y(p) = -130*p + 17. Let k(n) = -3*d(n) + y(n). Let r be k(-2). Calculate the highest common divisor of r and 7.
7
Let f(n) = -8*n + 446. Let x be f(-8). Calculate the greatest common divisor of 60 and x.
30
Let s(o) = -o**3 + 88*o**2 - 83*o - 257. Let k be s(87). What is the greatest common divisor of 208 and k?
13
Let w = 54 - 16. S